23321
What are the prime factors of 35128656?
2, 3, 89, 2741
List the prime factors of 380284278.
2, 3, 11, 19, 303257
What are the prime factors of 2457285530?
2, 5, 7, 2347, 14957
What are the prime factors of 585764007?
3, 41, 4762309
What are the prime factors of 1313303872?
2, 73, 401, 701
What are the prime factors of 364328342?
2, 7, 26023453
List the prime factors of 2051023801.
61, 33623341
What are the prime factors of 33381942?
2, 3, 11, 89, 5683
What are the prime factors of 34910726?
2, 17455363
List the prime factors of 1629534304.
2, 109, 467183
What are the prime factors of 19210012?
2, 1747, 2749
What are the prime factors of 1214116716?
2, 3, 101176393
List the prime factors of 184324199.
184324199
What are the prime factors of 141608295?
3, 5, 1759, 1789
List the prime factors of 7264524.
2, 3, 79, 97
What are the prime factors of 158118654?
2, 3, 43, 241, 2543
List the prime factors of 32360081.
13, 2489237
List the prime factors of 415391920.
2, 5, 5192399
List the prime factors of 583662644.
2, 145915661
What are the prime factors of 55885053?
3, 7, 179, 14867
List the prime factors of 1117956201.
3, 163, 811, 2819
What are the prime factors of 948758487?
3, 23, 13750123
List the prime factors of 71377116.
2, 3, 1579, 3767
What are the prime factors of 162912730?
2, 5, 607, 26839
What are the prime factors of 223010325?
3, 5, 311, 3187
List the prime factors of 84859582.
2, 59, 719149
What are the prime factors of 83516167?
7, 2161, 5521
What are the prime factors of 4042693?
4042693
What are the prime factors of 31889574?
2, 3, 43, 41201
List the prime factors of 1868248602.
2, 3, 11, 2393, 3943
List the prime factors of 43899105.
3, 5, 53, 55219
What are the prime factors of 11711884?
2, 2927971
List the prime factors of 324034423.
324034423
List the prime factors of 37317514.
2, 13, 1435289
What are the prime factors of 1849939235?
5, 17, 21763991
What are the prime factors of 3156639153?
3, 101, 197, 52883
What are the prime factors of 42745128?
2, 3, 1781047
What are the prime factors of 30335822?
2, 11, 53, 26017
What are the prime factors of 1042691206?
2, 3469, 150287
List the prime factors of 215447871.
3, 71815957
List the prime factors of 136001233.
37, 53, 223, 311
List the prime factors of 1227720343.
61, 20126563
What are the prime factors of 725471171?
725471171
List the prime factors of 36298186.
2, 23, 789091
List the prime factors of 1706651334.
2, 3, 29, 3269447
What are the prime factors of 6930380081?
4079, 1699039
What are the prime factors of 28441202?
2, 23, 618287
What are the prime factors of 155266601?
7, 22180943
List the prime factors of 70207374.
2, 3, 31, 377459
List the prime factors of 3445722097.
22483, 153259
List the prime factors of 560686950.
2, 3, 5, 1245971
List the prime factors of 271996891.
223, 1219717
What are the prime factors of 2555741136?
2, 3, 13, 1063, 3853
List the prime factors of 14974476.
2, 3, 11, 10313
List the prime factors of 509887530.
2, 3, 5, 5665417
What are the prime factors of 178786696?
2, 11, 191, 967
What are the prime factors of 29541857?
2713, 10889
List the prime factors of 2476446526.
2, 1217, 1017439
What are the prime factors of 200971307?
167, 1203421
What are the prime factors of 65738826?
2, 3, 41, 281, 317
What are the prime factors of 120471785?
5, 7, 3442051
What are the prime factors of 2861550350?
2, 5, 29, 47, 199, 211
What are the prime factors of 46813505?
5, 131, 71471
List the prime factors of 133819884.
2, 3, 11, 112643
What are the prime factors of 5064832980?
2, 3, 5, 1213, 23197
List the prime factors of 5733417364.
2, 1433354341
What are the prime factors of 179719?
179719
What are the prime factors of 355951378?
2, 177975689
What are the prime factors of 237920764?
2, 59480191
List the prime factors of 58193713.
19, 1637, 1871
What are the prime factors of 97943324?
2, 17, 29, 49667
List the prime factors of 139118395.
5, 13, 17, 125899
List the prime factors of 38254910.
2, 5, 251, 15241
What are the prime factors of 4742651653?
17, 31, 8999339
List the prime factors of 111320300.
2, 5, 7, 13, 941
List the prime factors of 2113587059.
2113587059
List the prime factors of 395611014.
2, 3, 67, 193, 5099
What are the prime factors of 6595391110?
2, 5, 7, 11, 59, 145177
List the prime factors of 379799486.
2, 11, 29, 269, 2213
List the prime factors of 449775188.
2, 17, 6614341
List the prime factors of 3383284284.
2, 3, 47, 241, 8297
List the prime factors of 388818926.
2, 19, 31, 330067
List the prime factors of 29214647.
7, 11, 19, 1051
List the prime factors of 1039058159.
83, 12518773
List the prime factors of 3914074.
2, 1957037
List the prime factors of 1883633171.
7, 5021, 53593
List the prime factors of 2234187180.
2, 3, 5, 12412151
What are the prime factors of 5193652448?
2, 23, 7056593
What are the prime factors of 3939106798?
2, 11, 59, 3034751
What are the prime factors of 870236979?
3, 2477, 117109
What are the prime factors of 64944394?
2, 19, 719, 2377
What are the prime factors of 48172411?
7, 6881773
What are the prime factors of 150472779?
3, 50157593
List the prime factors of 33903580.
2, 5, 1297, 1307
What are the prime factors of 73166696?
2, 31, 307
List the prime factors of 29045414.
2, 19, 29, 26357
What are the prime factors of 151276315?
5, 47, 643729
List the prime factors of 3289562277.
3, 1096520759
List the prime factors of 327188016.
2, 3, 1217, 1867
What are the prime factors of 590956046?
2, 1223, 241601
What are the prime factors of 570995836?
2, 142748959
What are the prime factors of 654071705?
5, 7, 541, 34543
List the prime factors of 433640727.
3, 13, 233, 15907
List the prime factors of 2568638522.
2, 9619, 133519
List the prime factors of 276547544.
2, 7, 13, 29221
What are the prime factors of 108125560?
2, 5, 2703139
What are the prime factors of 790859091?
3, 11, 17, 1409731
What are the prime factors of 4974020560?
2, 5, 1669, 37253
What are the prime factors of 124613857?
211, 563, 1049
List the prime factors of 509168760.
2, 3, 5, 149, 28477
What are the prime factors of 64239005?
5, 17, 41, 18433
What are the prime factors of 1684002867?
3, 37, 53, 286249
What are the prime factors of 188448906?
2, 3, 151, 208001
What are the prime factors of 3884660572?
2, 13, 74705011
What are the prime factors of 228200180?
2, 5, 13, 17, 3037
What are the prime factors of 4025117495?
5, 7, 29, 397, 1427
List the prime factors of 91369971.
3, 7, 11, 71, 619
What are the prime factors of 362467316?
2, 7547, 12007
List the prime factors of 3628006780.
2, 5, 181400339
List the prime factors of 498418138.
2, 17, 139, 263, 401
List the prime factors of 82163518.
2, 59, 199, 3499
What are the prime factors of 469274063?
31, 1579, 9587
List the prime factors of 208863357.
3, 69621119
List the prime factors of 1350709779.
3, 157, 863, 3323
List the prime factors of 4586596147.
7, 1613, 58031
What are the prime factors of 137232627?
3, 7, 73, 89519
What are the prime factors of 34051550?
2, 5, 13, 52387
List the prime factors of 48119482.
2, 3833, 6277
List the prime factors of 79584280.
2, 5, 41, 48527
List the prime factors of 1656597825.
3, 5, 41, 739
What are the prime factors of 537444507?
3, 19, 9428851
What are the prime factors of 29758975?
5, 1190359
List the prime factors of 447656983.
41, 179, 181, 337
What are the prime factors of 67760672?
2, 7, 373, 811
List the prime factors of 1319921634.
2, 3, 219986939
What are the prime factors of 245729276?
2, 13, 131, 36073
List the prime factors of 470678086.
2, 43, 5473001
What are the prime factors of 258285957?
3, 83, 1037293
List the prime factors of 1972050120.
2, 3, 5, 31, 83, 2129
What are the prime factors of 80337278?
2, 7, 5738377
List the prime factors of 13741572.
2, 3, 13, 59, 1493
List the prime factors of 86284437.
3, 3469, 8291
What are the prime factors of 62428369?
17, 3672257
List the prime factors of 113960985.
3, 5, 7597399
List the prime factors of 22383353.
22383353
List the prime factors of 442359174.
2, 3, 73726529
List the prime factors of 883845925.
5, 1201, 29437
What are the prime factors of 11127083?
11, 1011553
List the prime factors of 1296789115.
5, 9829, 26387
What are the prime factors of 228069352?
2, 7, 4072667
